d 893?
47
Let o be -1 + 286 + -3 - 2. Let d be ((-2)/5)/((-4)/o). Let j = d + -18. Calculate the highest common divisor of 80 and j.
10
Let v be (1038/(-9))/(25/(-300)). Calculate the highest common factor of v and 8.
8
Let a(i) = 59*i**2 + 3*i - 2. Let u be a(1). Suppose 11*h - 9*h = u. What is the greatest common factor of h and 3?
3
Let h be 3024/20 - (-16)/20. Calculate the highest common factor of h and 266.
38
Suppose -3*j + 6*j - 210 = 0. What is the highest common factor of j and 70?
70
Suppose o + 6*v - v - 116 = 0, -o - 3*v = -124. What is the greatest common divisor of o and 17?
17
Let i be (4/(-3))/(14/21). Let d be i/(-4)*4/2. Calculate the greatest common divisor of d and 2.
1
Let u = -163 - -420. Let x = -131 + u. Calculate the greatest common factor of x and 7.
7
Let t(r) = -r**3 - 4*r**2 + 3*r - 6. Let f be t(-5). Suppose f*q = -4*q + 744. Calculate the greatest common factor of 31 and q.
31
Let t(k) be the second derivative of -43*k**5/20 + k**4/6 + k**3/2 + k**2 - 16*k. Let p be t(-1). What is the highest common factor of p and 33?
11
Let o(f) = -f**3 + f**2 - f + 2. Let n be o(0). Let t be 140 - 5*(1 + (-40)/25). Let k = t - 129. What is the highest common factor of n and k?
2
Let n be (6/(-12))/(2/(-20)). Suppose n*h + 31 - 121 = 0. Let s = h + -9. Calculate the greatest common factor of s and 81.
9
Let q = 489 - 409. Calculate the greatest common factor of 160 and q.
80
Suppose 0 = 18*h - 17*h - 56. What is the greatest common factor of h and 56?
56
Let y(i) = -i**3 + 6*i**2 + 12*i + 7. Let n be y(7). What is the highest common divisor of n and 161?
7
Suppose k - 4*z = 66, 2*z - 37 = k - 109. What is the highest common factor of 12 and k?
6
Suppose -20 = -4*m + 88. Suppose -5*h - 5*s + 9 = -21, 2*h - m = -5*s. Let u = 18 + -10. What is the highest common factor of h and u?
1
Suppose 15*l - 80 = 5*l. Let b be -23*10*(-4)/l. Calculate the greatest common divisor of b and 5.
5
Let c be 15/(-75) - (-3)/(-15)*-121. What is the greatest common factor of c and 60?
12
Let h be -13 + (1226 - (-11 + 17)). What is the greatest common factor of 17 and h?
17
Suppose 2*l + 12 = -4*j, -3*l + 4*j + 18 = j. Calculate the greatest common divisor of l and 53.
1
Let b be (4/3)/(22/5808). Suppose -4*m = -2*m - b. What is the highest common factor of 16 and m?
16
Let m be 3 + ((-148)/(-36))/(16/144). Suppose 85 - 1685 = -4*u. Calculate the highest common factor of m and u.
40
Let g be -2 - (-25 + (-2 - (3 + 1))). What is the greatest common divisor of 116 and g?
29
Let w be -3 + 3*(-8)/12. Let s be w/105*-1509 + 2/14. Let l be (-6)/((-2)/6*1). Calculate the highest common divisor of l and s.
18
Let n(w) = 5*w - 16. Let k(f) = 6*f - 24. Let m(r) = -5*k(r) + 7*n(r). Let v be (-3)/(-1)*1/1. Let s be m(v). What is the greatest common factor of 92 and s?
23
Suppose -5 = -3*s - 2. Suppose 4*i = -5*q + 51, 3*i + 22 = 19. What is the greatest common divisor of s and q?
1
Let t = -14 - -5. Let l be (-7)/(21/24) - 3. Let u = t - l. Calculate the greatest common divisor of 14 and u.
2
Suppose 4*y + 2*d = d + 215, 168 = 3*y + 3*d. Let v be -31*2/(-2)*1. Let m = y - v. Calculate the highest common divisor of 66 and m.
22
Let t = 299 - 5. Calculate the highest common factor of 84 and t.
42
Suppose -4*p + 10 = -6. Suppose 54 = 5*w + 2*a - p, 5*a - 7 = -w. Suppose 7*v = 9*v - 168. Calculate the greatest common divisor of v and w.
12
Let r(o) = 6*o**3 - o**2 - o + 1. Let j be r(1). Let t = 3451 - 3371. What is the greatest common divisor of t and j?
5
Let k = -38 - -86. Suppose -36 = -2*l + k. What is the highest common divisor of 42 and l?
42
Suppose -3*j = -24 - 6. Suppose 14*a - 10*a = 56. Let r(s) = s**2 - 14*s + 4. Let x be r(a). What is the greatest common factor of j and x?
2
Suppose -18*h + 5851 = -2591. What is the highest common factor of h and 134?
67
Let a(v) = 2*v**2 - 97*v - 120. Let y be a(50). What is the highest common divisor of 10 and y?
10
Let b(m) = 104*m**2 + 10*m + 11. Let h be b(-1). Calculate the highest common divisor of h and 6.
3
Let w be (-10 - -4)/((-6)/22). Calculate the highest common factor of w and 418.
22
Let c = 113 - 61. Let h = 47 - 10. Suppose 2*k - 119 = h. Calculate the greatest common factor of c and k.
26
Suppose 2*y - 5*y = -3. Let x(h) be the first derivative of 7*h**3 + h + 11. Let c be x(y). What is the greatest common divisor of c and 22?
22
Suppose 4*c - 8 - 132 = 0. Let m(t) = -t**2 - 2. Let k be m(0). Let b be (5 - 0)*(-2)/k. Calculate the greatest common factor of c and b.
5
Let v be (-4)/(22/8 + -3). Let f = 32 - 27. Suppose o = f*d - o - 728, -16 = 4*o. What is the greatest common divisor of v and d?
16
Suppose 3*o + 3 = 3*m, -5*m = -4*o - 3 - 5. Suppose o*y + 48 = 5*y. Let n = y - -6. Calculate the greatest common divisor of n and 45.
15
Let v(c) = c**3 - 10*c**2 - 12*c. Let h be v(11). Let j = 32 + h. What is the greatest common divisor of 147 and j?
21
Suppose -32*l + 134 + 58 = 0. What is the highest common divisor of 2154 and l?
6
Let o be 300/1950 + ((-141)/(-13))/1. Calculate the highest common factor of o and 209.
11
Suppose d = -3*r - 0*d + 39, 4*d = 5*r - 48. Calculate the highest common factor of r and 12.
12
Let l be 26/3*9/2. Let x be (-4)/(4/(-3))*l. Let v be (78/12)/((-1)/(-2)). What is the greatest common divisor of x and v?
13
Let c be (14 - -7)/((-1)/(-11)). What is the greatest common factor of c and 99?
33
Let z(g) = -g + 33. Let p be z(18). What is the greatest common divisor of 40 and p?
5
Suppose -4*h = 2*i - 3698, -h + 4*i + 1824 = h. Let z = -636 + h. Calculate the highest common factor of z and 26.
26
Let t be ((-36)/(-15))/(-4)*-5. Suppose -5*p = t*k - 35, -p - 21 = -0*k - 5*k. Calculate the greatest common factor of k and 40.
5
Let f = 1151 + -551. What is the highest common factor of 60 and f?
60
Let r be 16/(-6)*210/(-40). Let k be (21/r)/((-1)/(-4)). Calculate the highest common divisor of k and 42.
6
Suppose 0*u - 144 = -2*m + u, u = -4. Suppose l = 6*l - t - 108, -2*t + m = 3*l. Calculate the highest common factor of 110 and l.
22
Let u be (-1)/((-1)/(-6) - (-2)/(-4)). Let y(j) = 9*j - 7. Let k be y(u). Calculate the highest common divisor of 15 and k.
5
Suppose 9 = -3*a + 24. Suppose -154 = 3*r - a*r. Calculate the greatest common factor of 11 and r.
11
Suppose -2*d = 2*z - 4, d + d = -5*z - 2. Suppose -4*a - d*x + 5*x = -34, -a = 5*x + 2. What is the highest common factor of 1 and a?
1
Let s = -3 + 20. Suppose -6*b = -2*b + 64. Let n be (-750)/(-4) + 8/b. What is the highest common factor of n and s?
17
Let y = 33 + -29. Suppose 0 = 5*b - 6*d + 4*d - 39, -26 = -y*b - d. Calculate the greatest common divisor of b and 35.
7
Suppose 2*f - 83 = 5*t, f + 3*t = 77 - 30. Suppose 2*q - 2*g = 7*q - 23, -4*q + 5*g = 8. Suppose q*r = r + f. What is the highest common divisor of 33 and r?
11
Let l(m) = 6*m - 14. Let r be l(8). Calculate the highest common factor of 646 and r.
34
Let q(i) = -4*i + 1. Let d be q(-5). Suppose -4*v + 147 = -189. What is the highest common factor of d and v?
21
Suppose u + 1 = k, -u + 3*k - 5 + 2 = 0. Suppose 2*s = 5*q - 0 + 1, -5*s - 13 = 3*q. Let h be (u - s)*39/13. Calculate the greatest common divisor of 24 and h.
6
Let p be 8 - 1/3*9. Suppose -p*t + 18 = 2*i, -5*t + 2*i - 2 = -i. Suppose 3*h = -t*h + 750. What is the greatest common divisor of 30 and h?
30
Let p be ((-4 - -3) + 2)/((-4)/(-260)). What is the greatest common factor of p and 5?
5
Suppose 75 = 2*i - 5*q, 4*i - 2*q - 110 = -0*i. Calculate the highest common divisor of 25 and i.
25
Let x be 3/(-5) + 6 + (-4765)/(-25). Calculate the greatest common factor of 147 and x.
49
Let o be -66 - -53 - -1*283. What is the greatest common divisor of o and 20?
10
Let k(f) = f**3 - 16*f**2 - 14*f - 50. Let n be k(17). Calculate the greatest common factor of 476 and n.
1
Let o be ((-30)/9)/(2/(-15)). Suppose -2*p = j + 8, 0*p + 5*p + 29 = -4*j. Let q(s) = -2*s - 7. Let n be q(j). What is the greatest common factor of o and n?
5
Let m = 39 + 85. Suppose 0 = 16*q - 12*q - m. Calculate the highest common factor of 279 and q.
31
Let t be 375 + (-52)/(-169)*39/6. Calculate the greatest common divisor of t and 232.
29
Let b(f) = 2*f**2 + 2*f - 1. Let h be b(1). Let i be h - -11 - -4 - -2. Calculate the hig